0. Suppose -2*f = 630 - 628, -4*w + 2 = -2*f. Determine o(w).
-6
Let w be 1558/41 - 32 - (31 - -1)/2. Let u(r) = -r**3 - 11*r**2 - 15*r - 70. What is u(w)?
-20
Let x(a) be the second derivative of -a**5/10 - a**4/4 + a**2 + a. Let n(q) = 58*q + 984. Let c be n(-17). Let z be x(c). Let k(j) = 2*j - 5. Give k(z).
7
Let b(w) = 31*w**2 + 3*w - 14. Let m(d) = -41*d**2 - 3*d + 19. Let r(y) = -4*b(y) - 3*m(y). Suppose 0*v + 5*v + 15 = 0. Determine r(v).
-1
Let y(c) = -17*c**3 - 17*c**2 + 14*c - 15. Let o(p) = -94*p**3 - 88*p**2 + 69*p - 76. Let l(f) = 2*o(f) - 11*y(f). Calculate l(10).
-47
Let l(o) = -22*o**2 - 20 + 41*o**2 - 18*o**2 - 6 + 1197*o - 1198*o. Give l(-12).
130
Let c(a) = -3*a**2 + 3*a + 7*a + 17 - 8. Let f be c(5). Let i(g) = -g**2 - 17*g - 13. Calculate i(f).
3
Let v(s) = -3*s + 27. Let c(f) = 186*f - 5950. Let j be c(32). Determine v(j).
21
Let d(w) = w**3 + 8*w**2 + 3*w - 7. Suppose -1303 = b + 2*b - 1279. Determine d(b).
-31
Let v(z) = -48*z + 20. Let t(q) = -31*q + 21. Let g(k) = 3*t(k) - 2*v(k). What is g(-10)?
-7
Let h(r) = -3*r**3 - 7*r**2 - 9*r - 28. Let c(d) = 4*d**3 + 8*d**2 + 9*d + 28. Let n(o) = 2*c(o) + 3*h(o). What is n(-4)?
-8
Let n(z) = -11*z**3 - 2*z**2 - 2*z - 1. Suppose r - 2*k + 4 = 12, -k = -5*r + 22. Let y = 1444 + -1449. Let w = y + r. What is n(w)?
10
Let z = -9236 - -9233. Let y(w) = -29*w - 7. Determine y(z).
80
Let g(t) = 89*t**3 + 30*t**2 + 8*t - 50. Let o(l) = -74*l**3 - 31*l**2 - 7*l + 47. Let q(a) = -5*g(a) - 6*o(a). Determine q(36).
40
Let y = -48 - -50. Let m(r) = r**2 + y*r**2 - 2*r**2 + 69 - 52 - 13*r. What is m(12)?
5
Let c(d) = -d + 4. Let l(b) = b**2 + 16*b + 72. Let r be l(-7). Let v(q) be the third derivative of -q**4/12 + 3*q**3 + q**2. Let z be v(r). Give c(z).
4
Let p = -79 + 81. Let w(k) = -9*k + 4*k + 8 + k**p + 16*k. Determine w(-10).
-2
Let u = 29 - -11. Let m be u/15 - 6/9. Let v(y) = -5*y + m*y + y + 3*y - 15. Calculate v(9).
-6
Let g(q) = -1 + 0 + 3*q - 2*q. Let b(d) = -5*d + 15. Let c(i) = -16*i + 106. Let r be c(7). Let n(a) = r*g(a) - b(a). Determine n(-7).
-2
Let g be ((-3)/9)/(37/(-222)). Let x(d) = d**3 - 3*d**2 - 4*d + 5. Calculate x(g).
-7
Let z(i) = 4*i + 43. Let u be z(-10). Suppose u*q + 5*q = 2*q. Suppose -o + 3 = v, q = -v - 0*o - 5*o + 3. Let w(a) = -a**3 + 5*a - 3. Determine w(v).
-15
Let q = -47 + 43. Let w be 4 + -2 + -2 - (q + -1). Let j(h) = 0*h**3 + 3 - h**3 + w*h**2 - 8 + 0 - 2*h. What is j(5)?
-15
Let c(t) = 5*t + 2. Let w be (-27 - -2)/(-5)*9/(-1). Let v = w + 48. Suppose v = 5*n - 7. Calculate c(n).
12
Let r(h) = 8*h**2 - 4*h + 4. Let j(u) = -19*u**2 + 9*u - 7. Let k(x) = -4*j(x) - 10*r(x). What is k(4)?
-60
Let x(i) = -4*i - 1. Let k(m) = 82*m - 2. Let f(t) = -k(t) - 6*x(t). Let r(a) = 29*a - 3. Let v(o) = -2*f(o) - 5*r(o). Calculate v(1).
-30
Let h(c) be the second derivative of c**5/120 - 7*c**4/24 + 12*c**3 - 7*c - 2. Let b(n) be the second derivative of h(n). Calculate b(10).
3
Let v(r) = 9*r + 209. Let a(h) = 10*h**2 + 332*h + 42. Let i be a(-33). Determine v(i).
-7
Let s(z) = -z**3 - z**2 + 11*z + 3. Let g(j) = -11*j**3 - 13*j**2 + 133*j + 54. Let o(u) = -g(u) + 12*s(u). Suppose 0 = 3*a - 7*a. Give o(a).
-18
Suppose -2 = i, -2*f + 0 = -5*i - 18. Let g(y) = 170*y - 3. Let o(p) = 518*p - 10. Let q(s) = 3*g(s) - o(s). What is q(f)?
-31
Let r(m) = 17*m - 23*m + 1 + 4 - 1 + 8*m. Suppose v + 9 - 3 = 0. Calculate r(v).
-8
Let k(o) = 10*o + 105. Suppose 48 + 32 = -8*q. Calculate k(q).
5
Let c(r) be the second derivative of -19 + 3/2*r**2 - 1/12*r**4 + 5/6*r**3 - 2*r. What is c(6)?
-3
Let k = 38 - 35. Let i(f) = -5. Let d(q) = q**2 + 2. Let u(v) = -2*d(v) - i(v). Give u(k).
-17
Let l(j) = j**3 - 5*j**2. Suppose 29*v + 13 = k + 26*v, 0 = -3*k - 4*v. Determine l(k).
-16
Suppose -17*z - 623 = -4*j - 16*z, 3*j - 477 = 4*z. Let p(r) = -3*r + j + 155 - 313. Let h = -4 - -2. What is p(h)?
3
Suppose -939*k - 44 = -935*k. Let g(m) = 0*m**3 + m**2 - 7 + 2*m + 2 + m**3. Let h(w) = 6*w**3 + 5*w**2 + 11*w - 25. Let s(u) = k*g(u) + 2*h(u). Give s(0).
5
Let z be -1*(-5)/(-2)*-6. Suppose -2 = 3*i - 2*d - z, 0 = -3*i + 3*d + 9. Let h(k) = -i*k - 5*k + 2*k + 11*k - 6. Give h(0).
-6
Let c(n) = n**2 - 7. Let g be ((-291)/485)/(2 - (-33)/(-15)). Give c(g).
2
Let m(k) = -k**2 + 8*k + 2. Suppose 19 = -18*d - 71. Let i(b) = -b**3 - 12*b**2 - 40*b - 18. Let f be i(d). Determine m(f).
9
Let q(t) = 16*t**3 - t**2 + t + 1. Suppose k = -253 + 928. Let m = -676 + k. Determine q(m).
-17
Let j(q) be the third derivative of -q**4/24 - q**3/2 - 18*q**2. Let u(k) = -2*k**3 - k**2 + 2*k - 4. Let p be u(-2). Suppose 0 = p*x - 18 - 6. Determine j(x).
-9
Let g(r) = r**2 - 3*r - 3. Let h = 264 + -374. Let c = 112 + h. Let y be 3 + (-3)/(c + -5). Determine g(y).
1
Suppose 5*r - b - 197 = 0, 13*r - 201 = 8*r + 3*b. Let n(q) = r*q**2 - 115*q + 7 + q**3 - 45*q**2 + 113*q. Give n(6).
-5
Let z(s) = -2*s**3 + 2*s**2 + 3*s - 2. Suppose -3 = 2*a - 9. Let x be (-12)/(-8) - a - 153/(-6). Suppose x*o = 21*o + 6. Determine z(o).
-4
Suppose 12*r - 1004 = -356. Suppose 23*h - 32*h = r. Let o(b) = -b - 8. Give o(h).
-2
Let i = -20 + 22. Let k(b) = -28*b - 8. Let p(l) = 45*l + 12. Let z(r) = -8*k(r) - 5*p(r). Give z(i).
2
Let i(p) be the third derivative of 6*p**4 + 11*p**3 + 2*p**2 - 2. Let g(s) = -9*s - 4. Let v(u) = -33*g(u) - 2*i(u). Let l be (-1 + -2)*(-2)/6. Determine v(l).
9
Let u(c) = 3*c**2 - 4*c + 7. Let m be 1*(4 - 4 - -2). Let j(s) = 13*s**2 - 14*s + 29. Let k(x) = m*j(x) - 9*u(x). Give k(6).
7
Let q = -129 - -131. Let s(n) = -q*n - 2045 + n**3 + n**2 + 2042 + n**2. Give s(-3).
-6
Let m(w) = 41*w + 23. Let h be m(8). Let q = -354 + h. Let a(b) = b**2 + 3*b. Give a(q).
0
Suppose -105 = -w - 34*w. Suppose 0 = -5*x + 5*p + 615, -4*x + 2*p + 486 = -0*p. Let t(i) = 4*i**2 - 121*i**w - 2*i**2 - i + x*i**3. What is t(-2)?
18
Suppose 14 - 6 = 2*c. Let k(f) be the first derivative of 1/3*f**3 + 10 - f**2 + 0*f. What is k(c)?
8
Let i(p) be the first derivative of 3*p**3 - 2*p**2 - 6*p + 6. Let m(x) = -19*x**2 + 8*x + 13. Let k(c) = 13*i(c) + 6*m(c). Determine k(3).
15
Let f(o) = 2*o - 8*o - o + 8*o. Let y(m) = -m**3 + 89*m**2 - 89*m + 95. Let c be y(88). Determine f(c).
7
Let m(i) be the third derivative of -i**5/60 - 13*i**4/24 - 5*i**3/6 - 1481*i**2. Let n = 1 - 9. What is m(n)?
35
Let v(w) = 0*w - 7*w**2 + 7*w + 22*w - 1 - w. Let i be v(4). Let k(a) = 2*a**2 + 1. Determine k(i).
3
Let j(p) = p**3 - 17*p**2 - 3*p + 58. Let l = -4742 - -4759. Determine j(l).
7
Let u(w) = -w + 14. Suppose -3*f + 7 = -26. Let c be f - (-1)/(-3)*(-9 - -9). Suppose -6*z = -c*z. Give u(z).
14
Let u = -6185 - -6183. Let y(s) = 4*s**2 + 6*s + 5. Calculate y(u).
9
Suppose -u - 24 = 5*h, -3*h - 33 + 25 = -u. Let k(t) be the first derivative of t**3/3 + 3*t**2/2 - t + 7. Give k(h).
3
Suppose 80*r + 76344 = 76024. Let g(z) = -2. Let i(c) = -5*c**2 + 3*c. Let f be i(2). Let q(s) = s + 7. Let p(y) = f*g(y) - 4*q(y). Determine p(r).
16
Suppose 0 = -4*n - 4*s - 0*s - 1540, 4*n = 4*s - 1516. Let b = 377 + n. Let y(j) = -j**2 - 7*j. What is y(b)?
10
Let h be (-3 + 2)*(-9)/(-9). Let y(s) = -13*s**2 - 2*s + 1. Let m(v) = -v**2 + 1. Let f(b) = -3*m(b) + y(b). What is f(h)?
-10
Let n(m) = -6*m**3 - m**2 + 1. Let i = 152 - 144. Let d be (2/4)/((-4)/i). Give n(d).
6
Let j = -5444 - -5455. Let n(a) = 6*a - 57. What is n(j)?
9
Suppose 4*j - 20 = 0, -18*b + j + 7 = -21*b. Let f(t) = -4*t - 7. Let m(z) = 1. Let h(r) = f(r) + 2*m(r). Give h(b).
11
Let s(m) = -138*m - 155. Let v(y) = 51*y + 52. Let u(q) = -3*s(q) - 8*v(q). What is u(-7)?
7
Let o(j) = -8*j**3 + 7*j**2 - 180*j + 6. Let x(g) = -7*g**3 + 7*g**2 - 160*g + 6. Let k(t) = 8*o(t) - 9*x(t). Let v be 1*-7*1 + 0. Give k(v).
-6
Let b(q) = 7*q**2 + 651*q - 654. Let p be b(-94). Let s(w) = -3*w**3 + 12*w**2 - 5. Determine s(p).
-5
Let f(o) = o**3 + 9*o**2 + 5*o - 2. Suppose 0 = -5*t + 11*b - 84, 62*b - 28 = 2*t + 59*b. Give f(t).
22
Let u(k) be the second derivative of 1/8*k**4 + 6*k + 0 - 1/20*k**5 - 1/360*k**6 + 9/2*k**3 + 0*k**2. Let c(d) be the second derivative of u(d). Give c(-4).
11
Let d(p) = 5*p + 9. Let c(h) be the first derivative of 2*h**2 + 8*h - 2. Let y(q) = 3*c(q) - 2*d(q). Suppose -7*f + 2*f = 35. Calculate y(f).
-8
Let i(g) be the second derivative of -5/6*g**3 + g**2 - 1/20*g**5 + 1/2*g**